{"id":61,"date":"2023-03-01T23:06:29","date_gmt":"2023-03-01T22:06:29","guid":{"rendered":"http:\/\/saintaubinmemoire39.fr\/?page_id=61"},"modified":"2026-03-18T11:11:25","modified_gmt":"2026-03-18T10:11:25","slug":"agenda","status":"publish","type":"page","link":"https:\/\/saintaubinmemoire39.fr\/index.php\/agenda\/","title":{"rendered":"Agenda"},"content":{"rendered":"\n<p><mark style=\"background-color:rgba(0, 0, 0, 0)\" class=\"has-inline-color has-red-color\"><strong>ASSEMBLEE GENERALE ET CONFERENCE<\/strong><\/mark><\/p>\n\n\n\n<figure class=\"wp-block-gallery has-nested-images columns-default is-cropped wp-block-gallery-1 is-layout-flex wp-block-gallery-is-layout-flex\">\n<figure class=\"wp-block-image size-large\"><img loading=\"lazy\" decoding=\"async\" width=\"709\" height=\"1024\" data-id=\"460\" src=\"https:\/\/saintaubinmemoire39.fr\/wp-content\/uploads\/2026\/03\/Flyer-AG-2026.pdf-5.pdf-1-709x1024.jpg\" alt=\"\" class=\"wp-image-460\" srcset=\"https:\/\/saintaubinmemoire39.fr\/wp-content\/uploads\/2026\/03\/Flyer-AG-2026.pdf-5.pdf-1-709x1024.jpg 709w, https:\/\/saintaubinmemoire39.fr\/wp-content\/uploads\/2026\/03\/Flyer-AG-2026.pdf-5.pdf-1-208x300.jpg 208w, https:\/\/saintaubinmemoire39.fr\/wp-content\/uploads\/2026\/03\/Flyer-AG-2026.pdf-5.pdf-1.jpg 720w\" sizes=\"auto, (max-width: 709px) 100vw, 709px\" \/><\/figure>\n<\/figure>\n\n\n\n<p><strong><mark style=\"background-color:rgba(0, 0, 0, 0)\" class=\"has-inline-color has-red-color\">A L&#8217;OCCASION DES JOURNEES DU PATRIMOINE<\/mark><\/strong><\/p>\n\n\n\n<div data-wp-interactive=\"core\/file\" class=\"wp-block-file\"><object data-wp-bind--hidden=\"!state.hasPdfPreview\" hidden class=\"wp-block-file__embed\" data=\"https:\/\/saintaubinmemoire39.fr\/wp-content\/uploads\/2025\/09\/flyer-film.pdf\" type=\"application\/pdf\" style=\"width:100%;height:600px\" aria-label=\"Embed of flyer film.\"><\/object><a id=\"wp-block-file--media-cc8352e8-c7e4-4697-b584-dc361c5a144e\" href=\"https:\/\/saintaubinmemoire39.fr\/wp-content\/uploads\/2025\/09\/flyer-film.pdf\">flyer film<\/a><a href=\"https:\/\/saintaubinmemoire39.fr\/wp-content\/uploads\/2025\/09\/flyer-film.pdf\" class=\"wp-block-file__button wp-element-button\" download aria-describedby=\"wp-block-file--media-cc8352e8-c7e4-4697-b584-dc361c5a144e\">T\u00e9l\u00e9charger<\/a><\/div>\n\n\n\n<p><strong><mark style=\"background-color:rgba(0, 0, 0, 0)\" class=\"has-inline-color has-red-color\">VISITES ESTIVALES ETE 2025<\/mark><\/strong><\/p>\n\n\n\n<div data-wp-interactive=\"core\/file\" class=\"wp-block-file\"><object data-wp-bind--hidden=\"!state.hasPdfPreview\" hidden class=\"wp-block-file__embed\" data=\"https:\/\/saintaubinmemoire39.fr\/wp-content\/uploads\/2025\/06\/affiche-eglise-22-06-2025-1.pdf\" type=\"application\/pdf\" style=\"width:100%;height:600px\" aria-label=\"Embed of affiche eglise 22 06 2025 (1).\"><\/object><a id=\"wp-block-file--media-059f4968-e0a3-497a-adf2-0c8225b2ddf8\" href=\"https:\/\/saintaubinmemoire39.fr\/wp-content\/uploads\/2025\/06\/affiche-eglise-22-06-2025-1.pdf\">affiche eglise 22 06 2025 (1)<\/a><a href=\"https:\/\/saintaubinmemoire39.fr\/wp-content\/uploads\/2025\/06\/affiche-eglise-22-06-2025-1.pdf\" class=\"wp-block-file__button wp-element-button\" download aria-describedby=\"wp-block-file--media-059f4968-e0a3-497a-adf2-0c8225b2ddf8\">T\u00e9l\u00e9charger<\/a><\/div>\n\n\n\n<p><\/p>\n\n\n\n<p><strong><mark style=\"background-color:rgba(0, 0, 0, 0)\" class=\"has-inline-color has-red-color\">ASSEMBLEE GENERALE ET CONFERENCE<\/mark><\/strong><\/p>\n\n\n\n<div data-wp-interactive=\"core\/file\" class=\"wp-block-file\"><object data-wp-bind--hidden=\"!state.hasPdfPreview\" hidden class=\"wp-block-file__embed\" data=\"https:\/\/saintaubinmemoire39.fr\/wp-content\/uploads\/2025\/04\/AG-2025.pdf\" type=\"application\/pdf\" style=\"width:100%;height:600px\" aria-label=\"Embed of AG 2025.\"><\/object><a id=\"wp-block-file--media-0ae118bc-39d3-49cb-8df4-4d8db979fb6a\" href=\"https:\/\/saintaubinmemoire39.fr\/wp-content\/uploads\/2025\/04\/AG-2025.pdf\">AG 2025<\/a><a href=\"https:\/\/saintaubinmemoire39.fr\/wp-content\/uploads\/2025\/04\/AG-2025.pdf\" class=\"wp-block-file__button wp-element-button\" download aria-describedby=\"wp-block-file--media-0ae118bc-39d3-49cb-8df4-4d8db979fb6a\">T\u00e9l\u00e9charger<\/a><\/div>\n\n\n\n<p><\/p>\n\n\n\n<p><strong><mark style=\"background-color:rgba(0, 0, 0, 0)\" class=\"has-inline-color has-red-color\">EXPOSITION \/<\/mark><\/strong> <strong><mark style=\"background-color:rgba(0, 0, 0, 0)\" class=\"has-inline-color has-red-color\">PASSION D&#8217;UN COLLECTIONNEUR<\/mark> : <mark style=\"background-color:rgba(0, 0, 0, 0)\" class=\"has-inline-color has-red-color\">Les outils de l<\/mark><\/strong><mark style=\"background-color:rgba(0, 0, 0, 0)\" class=\"has-inline-color has-red-color\"><strong>&#8216;\u00e9criture.<\/strong><\/mark><\/p>\n\n\n\n<p><\/p>\n\n\n\n<div data-wp-interactive=\"core\/file\" class=\"wp-block-file\"><object data-wp-bind--hidden=\"!state.hasPdfPreview\" hidden class=\"wp-block-file__embed\" data=\"https:\/\/saintaubinmemoire39.fr\/wp-content\/uploads\/2025\/01\/Ecriture.pdf\" type=\"application\/pdf\" style=\"width:100%;height:600px\" aria-label=\"Embed of Ecriture.\"><\/object><a id=\"wp-block-file--media-7540889d-9a4d-4215-b838-2d4055d77f0e\" href=\"https:\/\/saintaubinmemoire39.fr\/wp-content\/uploads\/2025\/01\/Ecriture.pdf\">Ecriture<\/a><a href=\"https:\/\/saintaubinmemoire39.fr\/wp-content\/uploads\/2025\/01\/Ecriture.pdf\" class=\"wp-block-file__button wp-element-button\" download aria-describedby=\"wp-block-file--media-7540889d-9a4d-4215-b838-2d4055d77f0e\">T\u00e9l\u00e9charger<\/a><\/div>\n\n\n\n<p><strong><mark style=\"background-color:rgba(0, 0, 0, 0)\" class=\"has-inline-color has-red-color\">LES MONUMENTS AUX MORTS DE SAINT-LOUP, CHEMIN, SAINT-AUBIN, 3 HISTOIRES SINGULIERES<\/mark><\/strong><\/p>\n\n\n\n<div data-wp-interactive=\"core\/file\" class=\"wp-block-file\"><object data-wp-bind--hidden=\"!state.hasPdfPreview\" hidden class=\"wp-block-file__embed\" data=\"https:\/\/saintaubinmemoire39.fr\/wp-content\/uploads\/2025\/01\/Monuments-aux-morts-2.pdf\" type=\"application\/pdf\" style=\"width:100%;height:600px\" aria-label=\"Embed of Monuments aux morts 2.\"><\/object><a id=\"wp-block-file--media-e485a190-fed2-4079-9426-832cf480d305\" href=\"https:\/\/saintaubinmemoire39.fr\/wp-content\/uploads\/2025\/01\/Monuments-aux-morts-2.pdf\">Monuments aux morts 2<\/a><a href=\"https:\/\/saintaubinmemoire39.fr\/wp-content\/uploads\/2025\/01\/Monuments-aux-morts-2.pdf\" class=\"wp-block-file__button wp-element-button\" download aria-describedby=\"wp-block-file--media-e485a190-fed2-4079-9426-832cf480d305\">T\u00e9l\u00e9charger<\/a><\/div>\n\n\n\n<p><\/p>\n\n\n\n<p><strong><mark style=\"background-color:rgba(0, 0, 0, 0)\" class=\"has-inline-color has-red-color\">JOURNEE DU PATRIMOINE 2024<\/mark><\/strong><\/p>\n\n\n\n<p><\/p>\n\n\n\n<div data-wp-interactive=\"core\/file\" class=\"wp-block-file\"><object data-wp-bind--hidden=\"!state.hasPdfPreview\" hidden class=\"wp-block-file__embed\" data=\"https:\/\/saintaubinmemoire39.fr\/wp-content\/uploads\/2025\/01\/journees-du-patrimoine-2024-3.pdf\" type=\"application\/pdf\" style=\"width:100%;height:600px\" aria-label=\"Embed of journ\u00e9es du patrimoine 2024.\"><\/object><a id=\"wp-block-file--media-11433371-7985-49d0-a582-7b731b126aac\" href=\"https:\/\/saintaubinmemoire39.fr\/wp-content\/uploads\/2025\/01\/journees-du-patrimoine-2024-3.pdf\">journ\u00e9es du patrimoine 2024<\/a><a href=\"https:\/\/saintaubinmemoire39.fr\/wp-content\/uploads\/2025\/01\/journees-du-patrimoine-2024-3.pdf\" class=\"wp-block-file__button wp-element-button\" download aria-describedby=\"wp-block-file--media-11433371-7985-49d0-a582-7b731b126aac\">T\u00e9l\u00e9charger<\/a><\/div>\n\n\n\n<p><\/p>\n\n\n\n<p><\/p>\n\n\n\n<p><\/p>\n\n\n\n<p><\/p>\n\n\n\n<p><strong><mark style=\"background-color:rgba(0, 0, 0, 0)\" class=\"has-inline-color has-red-color\">PRINTEMPS DES CIMETIERES<\/mark><\/strong><\/p>\n\n\n\n<div data-wp-interactive=\"core\/file\" class=\"wp-block-file\"><object data-wp-bind--hidden=\"!state.hasPdfPreview\" hidden class=\"wp-block-file__embed\" data=\"https:\/\/saintaubinmemoire39.fr\/wp-content\/uploads\/2024\/05\/Printemps-des-cimetieres-1.pdf\" type=\"application\/pdf\" style=\"width:100%;height:600px\" aria-label=\"Embed of Printemps-des-cimetieres-1.\"><\/object><a id=\"wp-block-file--media-fd7bb796-7750-4218-be3e-b6eea38b6bed\" href=\"https:\/\/saintaubinmemoire39.fr\/wp-content\/uploads\/2024\/05\/Printemps-des-cimetieres-1.pdf\">Printemps-des-cimetieres-1<\/a><a href=\"https:\/\/saintaubinmemoire39.fr\/wp-content\/uploads\/2024\/05\/Printemps-des-cimetieres-1.pdf\" class=\"wp-block-file__button wp-element-button\" download aria-describedby=\"wp-block-file--media-fd7bb796-7750-4218-be3e-b6eea38b6bed\">T\u00e9l\u00e9charger<\/a><\/div>\n\n\n\n<p><strong><mark style=\"background-color:rgba(0, 0, 0, 0)\" class=\"has-inline-color has-red-color\">ASSEMBLEE GENERALE 2024<\/mark><\/strong><\/p>\n\n\n\n<p><strong>Mardi 2 avril 2024 \u00e0 19 H 00<\/strong> en salle de mairie.<\/p>\n\n\n\n<p><strong>A 20 h 00<\/strong> conf\u00e9rence anim\u00e9e par G\u00e9rard Chouquer sur le th\u00e8me :<\/p>\n\n\n\n<p>&#8220;Saint-Aubin et le finage antique et m\u00e9di\u00e9val, 50 ans d&#8217;\u00e9volution des connaissances&#8221;<\/p>\n\n\n\n<div data-wp-interactive=\"core\/file\" class=\"wp-block-file\"><object data-wp-bind--hidden=\"!state.hasPdfPreview\" hidden class=\"wp-block-file__embed\" data=\"https:\/\/saintaubinmemoire39.fr\/wp-content\/uploads\/2024\/05\/Flyer-LIDAR-5-1.pdf\" type=\"application\/pdf\" style=\"width:100%;height:600px\" aria-label=\"Embed of Flyer-LIDAR-5-1.\"><\/object><a id=\"wp-block-file--media-3609d6f2-fba0-4e83-b999-cdc7c7477321\" href=\"https:\/\/saintaubinmemoire39.fr\/wp-content\/uploads\/2024\/05\/Flyer-LIDAR-5-1.pdf\">Flyer-LIDAR-5-1<\/a><a href=\"https:\/\/saintaubinmemoire39.fr\/wp-content\/uploads\/2024\/05\/Flyer-LIDAR-5-1.pdf\" class=\"wp-block-file__button wp-element-button\" download aria-describedby=\"wp-block-file--media-3609d6f2-fba0-4e83-b999-cdc7c7477321\">T\u00e9l\u00e9charger<\/a><\/div>\n\n\n\n<p><strong><mark style=\"background-color:rgba(0, 0, 0, 0)\" class=\"has-inline-color has-red-color\">JOURNEES DU PATRIMOINE 2023<\/mark><\/strong><\/p>\n\n\n\n<div data-wp-interactive=\"core\/file\" class=\"wp-block-file\"><object data-wp-bind--hidden=\"!state.hasPdfPreview\" hidden class=\"wp-block-file__embed\" data=\"https:\/\/saintaubinmemoire39.fr\/wp-content\/uploads\/2024\/05\/Affiche-patrimoine-17-septembre-23-1.pdf\" type=\"application\/pdf\" style=\"width:100%;height:600px\" aria-label=\"Embed of Affiche-patrimoine-17-septembre-23-1.\"><\/object><a id=\"wp-block-file--media-83959a87-812d-49e7-8116-8531a13bb34d\" href=\"https:\/\/saintaubinmemoire39.fr\/wp-content\/uploads\/2024\/05\/Affiche-patrimoine-17-septembre-23-1.pdf\">Affiche-patrimoine-17-septembre-23-1<\/a><a href=\"https:\/\/saintaubinmemoire39.fr\/wp-content\/uploads\/2024\/05\/Affiche-patrimoine-17-septembre-23-1.pdf\" class=\"wp-block-file__button wp-element-button\" download aria-describedby=\"wp-block-file--media-83959a87-812d-49e7-8116-8531a13bb34d\">T\u00e9l\u00e9charger<\/a><\/div>\n\n\n\n<p><strong>CONFERENCE &#8220;LE TERRITOIRE DE SAINT-AUBIN ET L&#8217;ARCHEOLOGIE&#8221;<\/strong><\/p>\n\n\n\n<div data-wp-interactive=\"core\/file\" class=\"wp-block-file\"><object data-wp-bind--hidden=\"!state.hasPdfPreview\" hidden class=\"wp-block-file__embed\" data=\"https:\/\/saintaubinmemoire39.fr\/wp-content\/uploads\/2024\/05\/Flyer-archeologie-6-juin-23-2.pdf\" type=\"application\/pdf\" style=\"width:100%;height:600px\" aria-label=\"Embed of Flyer-archeologie-6-juin-23-2.\"><\/object><a id=\"wp-block-file--media-00f56211-bfd5-43fe-8e7d-10515a0649d0\" href=\"https:\/\/saintaubinmemoire39.fr\/wp-content\/uploads\/2024\/05\/Flyer-archeologie-6-juin-23-2.pdf\">Flyer-archeologie-6-juin-23-2<\/a><a href=\"https:\/\/saintaubinmemoire39.fr\/wp-content\/uploads\/2024\/05\/Flyer-archeologie-6-juin-23-2.pdf\" class=\"wp-block-file__button wp-element-button\" download aria-describedby=\"wp-block-file--media-00f56211-bfd5-43fe-8e7d-10515a0649d0\">T\u00e9l\u00e9charger<\/a><\/div>\n\n\n\n<p><\/p>\n\n\n\n<p><mark style=\"background-color:rgba(0, 0, 0, 0)\" class=\"has-inline-color has-red-color\"><strong>ASSEMBLEE GENERALE<\/strong> <strong>2023<\/strong><\/mark><\/p>\n\n\n\n<p><strong><mark style=\"background-color:rgba(0, 0, 0, 0)\" class=\"has-inline-color has-dark-gray-color\">Mardi 2 mai 2023 \u00e0 20 H 00 <\/mark><\/strong>en salle de mairie<\/p>\n\n\n\n<p>A l&#8217;issue de l&#8217;assembl\u00e9e, la pr\u00e9sidente fera une pr\u00e9sentation sur l&#8217;ancienne \u00e9glise selon les archives.<\/p>\n\n\n\n<div data-wp-interactive=\"core\/file\" class=\"wp-block-file\"><object data-wp-bind--hidden=\"!state.hasPdfPreview\" hidden class=\"wp-block-file__embed\" data=\"https:\/\/saintaubinmemoire39.fr\/wp-content\/uploads\/2025\/01\/Panneau-pocket-et-panneau-lumineux.docx.pdf\" type=\"application\/pdf\" style=\"width:100%;height:600px\" aria-label=\"Embed of Panneau pocket et panneau lumineux.docx.\"><\/object><a id=\"wp-block-file--media-4da2998b-7007-462b-b141-3fa1c3fe89dc\" href=\"https:\/\/saintaubinmemoire39.fr\/wp-content\/uploads\/2025\/01\/Panneau-pocket-et-panneau-lumineux.docx.pdf\">Panneau pocket et panneau lumineux.docx<\/a><a href=\"https:\/\/saintaubinmemoire39.fr\/wp-content\/uploads\/2025\/01\/Panneau-pocket-et-panneau-lumineux.docx.pdf\" class=\"wp-block-file__button wp-element-button\" download aria-describedby=\"wp-block-file--media-4da2998b-7007-462b-b141-3fa1c3fe89dc\">T\u00e9l\u00e9charger<\/a><\/div>\n\n\n\n<p><strong><mark style=\"background-color:rgba(0, 0, 0, 0)\" class=\"has-inline-color has-red-color\">JOURNEES DU PATRIMOINE 2022<\/mark><\/strong><\/p>\n\n\n\n<div data-wp-interactive=\"core\/file\" class=\"wp-block-file\"><object data-wp-bind--hidden=\"!state.hasPdfPreview\" hidden class=\"wp-block-file__embed\" data=\"https:\/\/saintaubinmemoire39.fr\/wp-content\/uploads\/2024\/05\/Affiche-patrimoine-17-18-septembre-22-1.pdf\" type=\"application\/pdf\" style=\"width:100%;height:600px\" aria-label=\"Embed of Affiche-patrimoine-17-18-septembre-22-1.\"><\/object><a id=\"wp-block-file--media-1f97e9ae-d073-4630-ae99-612416bd5ece\" href=\"https:\/\/saintaubinmemoire39.fr\/wp-content\/uploads\/2024\/05\/Affiche-patrimoine-17-18-septembre-22-1.pdf\">Affiche-patrimoine-17-18-septembre-22-1<\/a><a href=\"https:\/\/saintaubinmemoire39.fr\/wp-content\/uploads\/2024\/05\/Affiche-patrimoine-17-18-septembre-22-1.pdf\" class=\"wp-block-file__button wp-element-button\" download aria-describedby=\"wp-block-file--media-1f97e9ae-d073-4630-ae99-612416bd5ece\">T\u00e9l\u00e9charger<\/a><\/div>\n\n\n\n<p><\/p>\n\n\n\n<p><strong><mark style=\"background-color:rgba(0, 0, 0, 0)\" class=\"has-inline-color has-red-color\">ASSEMBLEE CONSTITUTIVE DE L&#8217;ASSOCIATION &#8220;SAINT-AUBIN MEMOIRE<\/mark><\/strong><\/p>\n\n\n\n<div data-wp-interactive=\"core\/file\" class=\"wp-block-file\"><object data-wp-bind--hidden=\"!state.hasPdfPreview\" hidden class=\"wp-block-file__embed\" data=\"https:\/\/saintaubinmemoire39.fr\/wp-content\/uploads\/2024\/05\/Flyer-Curieux-traces-de-notre-histoire-12-avril-22-1.pdf\" type=\"application\/pdf\" style=\"width:100%;height:600px\" aria-label=\"Embed of Flyer-Curieux-traces-de-notre-histoire-12-avril-22-1.\"><\/object><a id=\"wp-block-file--media-744f2d59-1ce3-4ea3-a80b-06189d5b05af\" href=\"https:\/\/saintaubinmemoire39.fr\/wp-content\/uploads\/2024\/05\/Flyer-Curieux-traces-de-notre-histoire-12-avril-22-1.pdf\">Flyer-Curieux-traces-de-notre-histoire-12-avril-22-1<\/a><a href=\"https:\/\/saintaubinmemoire39.fr\/wp-content\/uploads\/2024\/05\/Flyer-Curieux-traces-de-notre-histoire-12-avril-22-1.pdf\" class=\"wp-block-file__button wp-element-button\" download aria-describedby=\"wp-block-file--media-744f2d59-1ce3-4ea3-a80b-06189d5b05af\">T\u00e9l\u00e9charger<\/a><\/div>\n\n\n\n<p><\/p>\n\n\n\n<p><\/p>\n","protected":false},"excerpt":{"rendered":"<p>ASSEMBLEE GENERALE ET CONFERENCE A L&#8217;OCCASION DES JOURNEES DU PATRIMOINE VISITES ESTIVALES ETE 2025 ASSEMBLEE GENERALE ET CONFERENCE EXPOSITION \/ PASSION D&#8217;UN COLLECTIONNEUR : Les outils de l&#8216;\u00e9criture. LES MONUMENTS AUX MORTS DE SAINT-LOUP, CHEMIN, SAINT-AUBIN, 3 HISTOIRES SINGULIERES JOURNEE DU PATRIMOINE 2024 PRINTEMPS DES CIMETIERES ASSEMBLEE GENERALE 2024 Mardi 2 avril 2024 \u00e0 19 &hellip; <a href=\"https:\/\/saintaubinmemoire39.fr\/index.php\/agenda\/\" class=\"more-link\">Continue reading <span class=\"screen-reader-text\">Agenda<\/span> <span class=\"meta-nav\">&rarr;<\/span><\/a><\/p>\n","protected":false},"author":1,"featured_media":0,"parent":0,"menu_order":0,"comment_status":"closed","ping_status":"closed","template":"","meta":{"footnotes":""},"class_list":["post-61","page","type-page","status-publish","hentry"],"_links":{"self":[{"href":"https:\/\/saintaubinmemoire39.fr\/index.php\/wp-json\/wp\/v2\/pages\/61","targetHints":{"allow":["GET"]}}],"collection":[{"href":"https:\/\/saintaubinmemoire39.fr\/index.php\/wp-json\/wp\/v2\/pages"}],"about":[{"href":"https:\/\/saintaubinmemoire39.fr\/index.php\/wp-json\/wp\/v2\/types\/page"}],"author":[{"embeddable":true,"href":"https:\/\/saintaubinmemoire39.fr\/index.php\/wp-json\/wp\/v2\/users\/1"}],"replies":[{"embeddable":true,"href":"https:\/\/saintaubinmemoire39.fr\/index.php\/wp-json\/wp\/v2\/comments?post=61"}],"version-history":[{"count":28,"href":"https:\/\/saintaubinmemoire39.fr\/index.php\/wp-json\/wp\/v2\/pages\/61\/revisions"}],"predecessor-version":[{"id":461,"href":"https:\/\/saintaubinmemoire39.fr\/index.php\/wp-json\/wp\/v2\/pages\/61\/revisions\/461"}],"wp:attachment":[{"href":"https:\/\/saintaubinmemoire39.fr\/index.php\/wp-json\/wp\/v2\/media?parent=61"}],"curies":[{"name":"wp","href":"https:\/\/api.w.org\/{rel}","templated":true}]}}